{"id":2,"date":"2020-03-18T11:50:19","date_gmt":"2020-03-18T10:50:19","guid":{"rendered":"http:\/\/stages.dnmade-prevert.fr\/?page_id=2"},"modified":"2025-05-13T09:50:16","modified_gmt":"2025-05-13T07:50:16","slug":"apropos","status":"publish","type":"page","link":"https:\/\/stages.dnmade-prevert.fr\/index.php\/apropos\/","title":{"rendered":""},"content":{"rendered":"\n<p>Dans le cadre de leur formation, les \u00e9tudiant\u00b7es de DNMADE effectuent des stages longs en entreprises d\u2019une dur\u00e9e de 12 \u00e0 16 semaines, \u00e0 la fin du quatri\u00e8me semestre.<\/p>\n\n\n\n<p>L\u2019entreprise, l\u2019\u00e9cole et l\u2019\u00e9tudiant\u00b7e signent une convention qui fixe le cadre l\u00e9gal du stage\u00a0: l\u2019entreprise b\u00e9n\u00e9ficie de l\u2019exon\u00e9ration de charges, le\u00b7a stagiaire est couvert\u00b7e pour tout \u00e9ventuel accident du travail, l\u2019\u00e9tudiant\u00b7e est conseill\u00e9\u00b7e par une personne responsable qui joue le r\u00f4le de tuteur\u00b7rice.<\/p>\n\n\n\n<p>Pendant la dur\u00e9e de son stage, l\u2019\u00e9tudiant\u00b7e doit produire des notes d\u2019\u00e9tonnement. La premi\u00e8re est \u00e0 produire en d\u00e9but de stage, apr\u00e8s les deux premi\u00e8res semaines. La seconde \u00e0 la moiti\u00e9 du stage et la troisi\u00e8me est \u00e0 rendre en fin de stage. Chacune de ces notes comporte un texte descriptif et d\u00e9taill\u00e9 ainsi qu\u2019une bande dessin\u00e9e qui rend compte visuellement d\u2019un moment particulier v\u00e9cu par l\u2019\u00e9tudiant, repr\u00e9sentatif de son exp\u00e9rience.<\/p>\n\n\n\n<p>Ce site pr\u00e9sente les notes d\u2019\u00e9tonnement.<\/p>\n\n\n\n<h3 class=\"has-medium-font-size wp-block-heading\" style=\"font-style:normal;font-weight:700;text-transform:uppercase\">Mentions l\u00e9gales<\/h3>\n\n\n\n<p style=\"font-size:15px\">DNMADE graphisme augment\u00e9,<br>Lyc\u00e9e Jacques Pr\u00e9vert, 163 rue de Billancourt, 92100 Boulogne-Billancourt <\/p>\n\n\n\n<p style=\"font-size:15px\">H\u00e9bergement : OVH, 2 r Kellermann, 59100 ROUBAIX<\/p>\n\n\n\n<p>Charg\u00e9\u00b7es de publication : Guillaume Verguin (promo 2025, 2024 &amp; 2023), Thomas Maury (promo 2021 &amp; 2022), \u00c9lo\u00efse Cariou (promo 2020)<br>Webmaster : M\u00e9lanie Even<br><\/p>\n\n\n\n<p class=\"has-small-font-size\">L&rsquo;ensemble du contenu pr\u00e9sent sur ce site rel\u00e8ve des l\u00e9gislations fran\u00e7aise et internationale sur le droit d&rsquo;auteur et la propri\u00e9t\u00e9 intellectuelle. Tous les droits de reproduction sont r\u00e9serv\u00e9s, y compris pour les documents audiovisuels et photographiques. <br><\/p>\n\n\n\n<p><\/p>\n","protected":false},"excerpt":{"rendered":"<p>Dans le cadre de leur formation, les \u00e9tudiant\u00b7es de DNMADE effectuent des stages longs en entreprises d\u2019une dur\u00e9e de 12 \u00e0 16 semaines, \u00e0 la fin du quatri\u00e8me semestre. L\u2019entreprise, l\u2019\u00e9cole et l\u2019\u00e9tudiant\u00b7e signent une convention qui fixe le cadre l\u00e9gal du stage\u00a0: l\u2019entreprise b\u00e9n\u00e9ficie de l\u2019exon\u00e9ration de charges, le\u00b7a stagiaire est couvert\u00b7e pour tout &hellip; <a href=\"https:\/\/stages.dnmade-prevert.fr\/index.php\/apropos\/\" class=\"more-link\">Continuer la lecture<span class=\"screen-reader-text\"> de &laquo;&nbsp;&nbsp;&raquo;<\/span><\/a><\/p>\n","protected":false},"author":1,"featured_media":0,"parent":0,"menu_order":0,"comment_status":"closed","ping_status":"open","template":"","meta":{"footnotes":""},"class_list":["post-2","page","type-page","status-publish","hentry"],"_links":{"self":[{"href":"https:\/\/stages.dnmade-prevert.fr\/index.php\/wp-json\/wp\/v2\/pages\/2","targetHints":{"allow":["GET"]}}],"collection":[{"href":"https:\/\/stages.dnmade-prevert.fr\/index.php\/wp-json\/wp\/v2\/pages"}],"about":[{"href":"https:\/\/stages.dnmade-prevert.fr\/index.php\/wp-json\/wp\/v2\/types\/page"}],"author":[{"embeddable":true,"href":"https:\/\/stages.dnmade-prevert.fr\/index.php\/wp-json\/wp\/v2\/users\/1"}],"replies":[{"embeddable":true,"href":"https:\/\/stages.dnmade-prevert.fr\/index.php\/wp-json\/wp\/v2\/comments?post=2"}],"version-history":[{"count":40,"href":"https:\/\/stages.dnmade-prevert.fr\/index.php\/wp-json\/wp\/v2\/pages\/2\/revisions"}],"predecessor-version":[{"id":3434,"href":"https:\/\/stages.dnmade-prevert.fr\/index.php\/wp-json\/wp\/v2\/pages\/2\/revisions\/3434"}],"wp:attachment":[{"href":"https:\/\/stages.dnmade-prevert.fr\/index.php\/wp-json\/wp\/v2\/media?parent=2"}],"curies":[{"name":"wp","href":"https:\/\/api.w.org\/{rel}","templated":true}]}}